at is the remainder when -2*(1 + -13) + u is divided by 8?
7
Suppose o + 3*o - 154 = -2*w, 3*o + 5*w = 133. Suppose -5*t + 35 + 60 = 0. What is the remainder when o is divided by t?
17
Let k = 59 + 0. Suppose 2*r - 9 = -s, k = 4*s + s + 3*r. What is the remainder when 24 is divided by s?
11
Suppose 0 = -2*q - 5*v + 82, 0 = 2*q + 4*v - 2*v - 70. What is the remainder when 92 is divided by q?
30
Suppose 0 = 2*m - k + 181, 0 = -7*m + 4*m - 5*k - 239. Let c = 55 + m. What is the remainder when 2*c/(-9)*6 is divided by 15?
14
Suppose -2*w = -3*w + 81. Suppose 2*y = 5*y - 75. Suppose 0 = -4*i - y + w. Calculate the remainder when 41 is divided by i.
13
What is the remainder when 50 is divided by (2 - 1/1) + 25?
24
Suppose 0 = 3*a - 4*a + 18. What is the remainder when 65 is divided by a?
11
Let n(i) = -i**3 - 4*i**2 - i - 3. Let j be n(-4). Let p = 10 + j. What is the remainder when p is divided by 6?
5
Suppose 6*y - y - 35 = 0. Calculate the remainder when 25 is divided by y.
4
Suppose 2*a + j - 11 = 0, -5*j = -a - 19 - 3. What is the remainder when 5 is divided by a?
2
Calculate the remainder when (-3 + 1)*(399/(-14))/3 is divided by 7.
5
Let c(d) = -d**3 + 12*d**2 - 10*d - 2. Let k be c(11). Suppose 2*o - 5*j - 8 = 0, -5*o = 4*j - k - 11. What is the remainder when o is divided by 2?
0
Let n = -1 + 5. Suppose -5*o - 3*w + 47 = w, -3 = -o - n*w. Calculate the remainder when 41 is divided by o.
8
Let c(d) = 2*d + 2. Calculate the remainder when c(9) is divided by 9.
2
Let c(k) = -14*k + 2. Suppose 0 = 3*u - 8*u + 40. Let b = -2 + u. Calculate the remainder when c(-1) is divided by b.
4
Let q(h) be the first derivative of -h**4/4 + 8*h**3/3 - 3*h**2 + 2*h - 1. Suppose -x + 22 = 9. What is the remainder when q(6) is divided by x?
12
Suppose -c + 1 + 1 = 0. Calculate the remainder when (-2 - 0)/((-1)/c) is divided by 2.
0
Let g(r) be the third derivative of r**4/24 - r**3/3 - 2*r**2. Let z be g(4). Suppose 9 = z*q - 15. What is the remainder when 34 is divided by q?
10
Let i be (16/(-10))/((-10)/25). Suppose 3*y + 246 = i*c, -c - y + 89 - 31 = 0. Suppose 5*w - c = w. What is the remainder when 29 is divided by w?
14
Suppose 0 = -j - 2 - 2. Calculate the remainder when (30 - 3) + 0 + 0 is divided by j/6 - 88/(-6).
13
Let f = -41 + 71. Calculate the remainder when f is divided by 8.
6
Suppose 0 = -x + 16 + 2. Suppose 5*h - 3*g - 345 = -2*g, 3*g = 5*h - 335. Calculate the remainder when h is divided by x.
16
Let t be (-2)/(3/(27/(-6))). Suppose -t*y - 2*c = -25, -4*y + 2*c = -3*c + 5. What is the remainder when 19 is divided by y?
4
Let c be (-119)/(-2) - 1/(-2). Suppose 5*u - c = 2*u. What is the remainder when 59 is divided by u?
19
Let b(v) = v**3 + 4*v**2 + 3*v + 1. Let r be b(-2). Suppose u = -r*s - 4 + 15, 5*s = -4*u + 58. What is the remainder when 49 is divided by u?
15
Let v be 6*(-9)/(-6)*7. Suppose 4*h = v + 9. Let m = -37 - -90. Calculate the remainder when m is divided by h.
17
Let j = -95 + 164. Calculate the remainder when j is divided by 18.
15
Let v = 7 + -7. Suppose -u = 2*f + 1, 5*u - 2*f - 2*f - 23 = v. Suppose -m = -d + m + 34, 0 = -u*d - m + 95. Calculate the remainder when d is divided by 17.
15
Let z(m) = m**3 + 7*m**2 - 7*m - 10. Calculate the remainder when z(-7) is divided by 19/2 - 6/(-12).
9
Let n = -66 - -92. Calculate the remainder when n is divided by 14.
12
Suppose -3*q = q - 4*r + 36, 27 = -4*q - 5*r. Let u = q - -15. Calculate the remainder when 19 is divided by u.
5
Let i = 25 + -18. What is the remainder when 11 is divided by i?
4
Let l = -2 - -7. Suppose 0 = b + l - 14. Suppose -3*d - y + 31 = 0, -2*d = 5*y - 29 - b. Calculate the remainder when 33 is divided by d.
6
Let b = 264 - 146. What is the remainder when (b/(-6))/((-2)/6) is divided by 20?
19
Suppose -w = -4*w - 21. Let m(b) = -16*b - 2. Let v be m(w). Suppose -z + 85 = 3*n, n - 2*z = -3*n + v. What is the remainder when n is divided by 15?
13
Suppose 2*d - 16 = -2*d. Suppose 7 = d*g - 5. Suppose 2*r = g*r - 19. Calculate the remainder when r is divided by 7.
5
What is the remainder when -1 - -92 - (-1 + 4) is divided by 18?
16
Let g(u) = u**3 - 2*u**2 - 3*u - 4. Calculate the remainder when g(4) is divided by 9.
7
Let a(v) = 5*v**2 - v - 1. Let u(j) = j**3 + 11*j**2 + 22*j - 7. Calculate the remainder when a(2) is divided by u(-8).
8
Let a = -4 + 28. Suppose -a = -3*o - o. Let k = o + 3. What is the remainder when 16 is divided by k?
7
Let v = -3 + 8. What is the remainder when 19 is divided by v?
4
Let p be 15/(-10) - (-206)/4. Suppose -2*v + v + 5 = 0, 5*d - 5*v = p. Calculate the remainder when 57 is divided by d.
12
Let t = -16 + 21. Suppose m - 5*r + 12 = 0, t*r + 27 = 2*m + 2*m. What is the remainder when 50 is divided by m?
11
Let d = 196 - 146. What is the remainder when d is divided by 6?
2
Let y(g) = 2*g**2 + 10*g. Calculate the remainder when 110 is divided by y(-7).
26
Suppose 2*l - 2 = l. Suppose 16 = l*b - 16. What is the remainder when 45 is divided by b?
13
Let s = -36 - -25. Let p = -3 - s. What is the remainder when 21 is divided by p?
5
Let p(d) = -d**2 - 18*d - 10. Calculate the remainder when 2 + 0 - 11*-1 is divided by p(-17).
6
Let v = -44 - -72. Calculate the remainder when v is divided by 15.
13
Let b = -1 + -2. Calculate the remainder when (-3)/(-1)*(-14)/b is divided by 5.
4
Let v = -19 - -40. Calculate the remainder when v is divided by 6.
3
What is the remainder when 4/22 + 0 + 2410/55 is divided by 12?
8
Let a = 33 + -50. Let m = a + 24. What is the remainder when m is divided by 2?
1
Suppose -x = 4*x - 30. What is the remainder when 31 is divided by x?
1
Let z be (0 - 2)/((-3)/(-6)). Let t = 6 + z. Let x = -2 - -5. What is the remainder when x is divided by t?
1
Suppose -2*c + 79 = -805. Suppose 5*a = -142 + c. What is the remainder when a is divided by 21?
18
Let w(s) = 2*s + 5. Calculate the remainder when 27 + (0/(-6))/(3 + -2) is divided by w(5).
12
Suppose -3*z + 14 = 5*m - 25, 17 = 4*z - 5*m. What is the remainder when 21 is divided by z?
5
Let z(g) = 28*g**2 + 1. Let w be z(1). Let t = 46 - w. What is the remainder when 31 is divided by t?
14
Suppose -3*g - 38 = -206. Let j = g - 5. Suppose b + 60 = 3*y, 2*b - j = 2*y - 5*y. What is the remainder when 37 is divided by y?
18
Let x(s) = -s**3 - 5*s**2 + 1. Let g be x(-5). Let p be 73 + 0 + (2 - -2). Suppose -4*o = -p + g. What is the remainder when o is divided by 7?
5
Let x(z) = -z**3 - 6*z**2 - 3*z. Suppose 9 = -3*s - 297. Calculate the remainder when (3/(-9))/(1/s) is divided by x(-6).
16
Suppose -3*c - 4*c + 308 = 0. What is the remainder when c is divided by 15?
14
Let n(p) = 7*p**3 - p**2 - 4*p + 3. Let l(h) = -h - 15. Let k be l(-12). Let r be (k + 1 + 3)*2. Calculate the remainder when n(r) is divided by 12.
11
Suppose -2*n - 5*a = -33, 2*n + 5*a = -3*n + 45. What is the remainder when n is divided by 2?
0
Let c be (6/15 + 0)*5. Suppose c*v = 4*q + 3*v - 116, 170 = 5*q - 5*v. Calculate the remainder when q is divided by (16/5)/1*5.
14
Let k = 37 - 32. Calculate the remainder when 6 is divided by k.
1
Suppose -6 = -5*z + 9. Suppose 81 = z*l + 3*u, -29 - 95 = -4*l + 4*u. What is the remainder when 114 is divided by l?
27
Suppose 0*k = 3*k - 15, -49 = -4*p + 3*k. What is the remainder when p is divided by 2/(6*4/108)?
7
What is the remainder when (24/(-48))/(1/(-254)) is divided by 16?
15
Let t(b) be the first derivative of -b**4/4 - b**3/3 - 3*b**2/2 - b + 1. Let n = 5 + -7. What is the remainder when 25 is divided by t(n)?
7
Let m = -12 - -6. Let c(f) = -5*f + 2. Calculate the remainder when (2/m)/((-2)/138) is divided by c(-2).
11
Let y(c) = 3*c + 3. Let a be y(3). What is the remainder when (-16)/(-2)*99/a is divided by 23?
20
Suppose -3*f + 2*f = -116. Calculate the remainder when f is divided by 30.
26
Suppose 5*d + 188 - 1258 = 0. What is the remainder when d is divided by 18?
16
Suppose -2*l + 6*l - 160 = 0. What is the remainder when l is divided by 22?
18
Suppose 5*p + 5 = 0, p + 487 = 4*l + 6*p. Calculate the remainder when l is divided by 31.
30
Calculate the remainder when -6 - 37/(-6) - (-113)/6 is divided by 14.
5
Let d(x) = 6*x**3 - 2*x**2 + x. Let b be d(-2). Let w = 10 + -6. Calculate the remainder when w is divided by b/(-18) - 14/63.
1
Suppose